{"id":875,"date":"2024-08-07T08:01:18","date_gmt":"2024-08-07T08:01:18","guid":{"rendered":"https:\/\/www.talento-stem.es\/?page_id=875"},"modified":"2024-09-23T07:56:44","modified_gmt":"2024-09-23T07:56:44","slug":"voluntariado","status":"publish","type":"page","link":"http:\/\/www.talento-stem.es\/index.php\/voluntariado\/","title":{"rendered":"Voluntariado"},"content":{"rendered":"\n<div class=\"wp-block-cover alignfull\"><span aria-hidden=\"true\" class=\"wp-block-cover__background has-primary-background-color has-background-dim-80 has-background-dim\"><\/span><img loading=\"lazy\" decoding=\"async\" width=\"2560\" height=\"1707\" class=\"wp-block-cover__image-background wp-image-887\" alt=\"\" src=\"https:\/\/www.talento-stem.es\/wp-content\/uploads\/2024\/08\/breno-jesus-Akp8qcrCk0s-unsplash-scaled.jpg\" data-object-fit=\"cover\" srcset=\"http:\/\/www.talento-stem.es\/wp-content\/uploads\/2024\/08\/breno-jesus-Akp8qcrCk0s-unsplash-scaled.jpg 2560w, http:\/\/www.talento-stem.es\/wp-content\/uploads\/2024\/08\/breno-jesus-Akp8qcrCk0s-unsplash-300x200.jpg 300w, http:\/\/www.talento-stem.es\/wp-content\/uploads\/2024\/08\/breno-jesus-Akp8qcrCk0s-unsplash-1024x683.jpg 1024w, http:\/\/www.talento-stem.es\/wp-content\/uploads\/2024\/08\/breno-jesus-Akp8qcrCk0s-unsplash-768x512.jpg 768w, http:\/\/www.talento-stem.es\/wp-content\/uploads\/2024\/08\/breno-jesus-Akp8qcrCk0s-unsplash-1536x1024.jpg 1536w, http:\/\/www.talento-stem.es\/wp-content\/uploads\/2024\/08\/breno-jesus-Akp8qcrCk0s-unsplash-2048x1365.jpg 2048w, http:\/\/www.talento-stem.es\/wp-content\/uploads\/2024\/08\/breno-jesus-Akp8qcrCk0s-unsplash-600x400.jpg 600w, http:\/\/www.talento-stem.es\/wp-content\/uploads\/2024\/08\/breno-jesus-Akp8qcrCk0s-unsplash-1200x800.jpg 1200w, http:\/\/www.talento-stem.es\/wp-content\/uploads\/2024\/08\/breno-jesus-Akp8qcrCk0s-unsplash-1980x1320.jpg 1980w\" sizes=\"auto, (max-width: 2560px) 100vw, 2560px\" \/><div class=\"wp-block-cover__inner-container is-layout-constrained wp-block-cover-is-layout-constrained\">\n<h5 class=\"wp-block-heading has-text-align-center has-large-font-size\">Voluntariado<\/h5>\n<\/div><\/div>\n\n\n\n<div class=\"wp-block-columns alignwide are-vertically-aligned-center has-background-background-color has-background is-layout-flex wp-container-core-columns-is-layout-9d6595d7 wp-block-columns-is-layout-flex\">\n<div class=\"wp-block-column is-vertically-aligned-center is-layout-flow wp-block-column-is-layout-flow\" style=\"flex-basis:100%\">\n<p class=\"has-text-align-center has-secondary-color has-text-color has-link-color wp-elements-eb153740f3818c989e66b6281f7dc57f\"><strong>Muchas gracias por tu apoyo. <\/strong><\/p>\n\n\n\n<p class=\"has-text-align-center has-secondary-color has-text-color has-link-color wp-elements-eb09c256fd750170912ca2870b252c63\">\u00danete a nosotros como voluntario y ayuda a transformar la educaci\u00f3n STEAM en la Regi\u00f3n de Murcia, promoviendo la innovaci\u00f3n, la igualdad de g\u00e9nero y el desarrollo del talento. <\/p>\n\n\n\n<p class=\"has-text-align-center has-secondary-color has-text-color has-link-color wp-elements-546a6fb6fc251a61c4a278ae46f796d5\">\u00a1Tu colaboraci\u00f3n puede marcar la diferencia!<\/p>\n\n\n\n<div style=\"height:100px\" aria-hidden=\"true\" class=\"wp-block-spacer\"><\/div>\n\n\n<div class=\"wpforms-container wpforms-container-full wpforms-block wpforms-block-7c8d86af-c8de-4322-b415-f3df50b2633f wpforms-render-modern\" id=\"wpforms-885\"><form id=\"wpforms-form-885\" class=\"wpforms-validate wpforms-form wpforms-ajax-form\" data-formid=\"885\" method=\"post\" enctype=\"multipart\/form-data\" action=\"\/index.php\/wp-json\/wp\/v2\/pages\/875\" data-token=\"e4a04069caba46745ba178e88a351eda\" data-token-time=\"1777800308\"><noscript class=\"wpforms-error-noscript\">Por favor, activa JavaScript en tu navegador para completar este formulario.<\/noscript><div id=\"wpforms-error-noscript\" style=\"display: none;\">Por favor, activa JavaScript en tu navegador para completar este formulario.<\/div><div class=\"wpforms-field-container\"><div id=\"wpforms-885-field_0-container\" class=\"wpforms-field wpforms-field-name\" data-field-id=\"0\"><fieldset><legend class=\"wpforms-field-label\">Nombre <span class=\"wpforms-required-label\" aria-hidden=\"true\">*<\/span><\/legend><div class=\"wpforms-field-row wpforms-field-medium\"><div class=\"wpforms-field-row-block wpforms-first wpforms-one-half\"><input type=\"text\" id=\"wpforms-885-field_0\" class=\"wpforms-field-name-first wpforms-field-required\" name=\"wpforms[fields][0][first]\" aria-errormessage=\"wpforms-885-field_0-error\" required><label for=\"wpforms-885-field_0\" class=\"wpforms-field-sublabel after\">Nombre<\/label><\/div><div class=\"wpforms-field-row-block wpforms-one-half\"><input type=\"text\" id=\"wpforms-885-field_0-last\" class=\"wpforms-field-name-last wpforms-field-required\" name=\"wpforms[fields][0][last]\" aria-errormessage=\"wpforms-885-field_0-last-error\" required><label for=\"wpforms-885-field_0-last\" class=\"wpforms-field-sublabel after\">Apellidos<\/label><\/div><\/div><\/fieldset><\/div><div id=\"wpforms-885-field_1-container\" class=\"wpforms-field wpforms-field-email\" data-field-id=\"1\"><label class=\"wpforms-field-label\" for=\"wpforms-885-field_1\">Correo electr\u00f3nico <span class=\"wpforms-required-label\" aria-hidden=\"true\">*<\/span><\/label><input type=\"email\" id=\"wpforms-885-field_1\" class=\"wpforms-field-medium wpforms-field-required\" name=\"wpforms[fields][1]\" spellcheck=\"false\" aria-errormessage=\"wpforms-885-field_1-error\" required><\/div><div id=\"wpforms-885-field_2-container\" class=\"wpforms-field wpforms-field-textarea\" data-field-id=\"2\"><label class=\"wpforms-field-label\" for=\"wpforms-885-field_2\">Comentario o mensaje<\/label><textarea id=\"wpforms-885-field_2\" class=\"wpforms-field-medium\" name=\"wpforms[fields][2]\" aria-errormessage=\"wpforms-885-field_2-error\" ><\/textarea><\/div><\/div><!-- .wpforms-field-container --><div class=\"wpforms-submit-container\" ><input type=\"hidden\" name=\"wpforms[id]\" value=\"885\"><input type=\"hidden\" name=\"page_title\" value=\"\"><input type=\"hidden\" name=\"page_url\" value=\"http:\/\/www.talento-stem.es\/index.php\/wp-json\/wp\/v2\/pages\/875\"><input type=\"hidden\" name=\"url_referer\" value=\"\"><button type=\"submit\" name=\"wpforms[submit]\" id=\"wpforms-submit-885\" class=\"wpforms-submit\" data-alt-text=\"Enviando...\" data-submit-text=\"Enviar\" aria-live=\"assertive\" value=\"wpforms-submit\">Enviar<\/button><img loading=\"lazy\" decoding=\"async\" src=\"http:\/\/www.talento-stem.es\/wp-content\/plugins\/wpforms-lite\/assets\/images\/submit-spin.svg\" class=\"wpforms-submit-spinner\" style=\"display: none;\" width=\"26\" height=\"26\" alt=\"Cargando\"><\/div><\/form><\/div>  <!-- .wpforms-container --><\/div>\n<\/div>\n\n\n<div class=\"wp-block-image\">\n<figure class=\"aligncenter size-full is-resized\"><a href=\"https:\/\/www.talento-stem.es\/\"><img loading=\"lazy\" decoding=\"async\" width=\"338\" height=\"105\" src=\"http:\/\/www.talento-stem.es\/wp-content\/uploads\/2024\/08\/cropped-Recurso-1.png\" alt=\"\" class=\"wp-image-620\" style=\"width:186px\" srcset=\"http:\/\/www.talento-stem.es\/wp-content\/uploads\/2024\/08\/cropped-Recurso-1.png 338w, http:\/\/www.talento-stem.es\/wp-content\/uploads\/2024\/08\/cropped-Recurso-1-300x93.png 300w\" sizes=\"auto, (max-width: 338px) 100vw, 338px\" \/><\/a><\/figure>\n<\/div>","protected":false},"excerpt":{"rendered":"<p>Muchas gracias por tu apoyo. \u00danete a nosotros como voluntario y ayuda a transformar la educaci\u00f3n STEAM en la Regi\u00f3n de Murcia, promoviendo la innovaci\u00f3n, la igualdad de g\u00e9nero y [&hellip;]<\/p>\n","protected":false},"author":1,"featured_media":0,"parent":0,"menu_order":0,"comment_status":"closed","ping_status":"closed","template":"","meta":{"footnotes":""},"class_list":["post-875","page","type-page","status-publish","hentry"],"featured_image_src":null,"featured_image_src_square":null,"_links":{"self":[{"href":"http:\/\/www.talento-stem.es\/index.php\/wp-json\/wp\/v2\/pages\/875","targetHints":{"allow":["GET"]}}],"collection":[{"href":"http:\/\/www.talento-stem.es\/index.php\/wp-json\/wp\/v2\/pages"}],"about":[{"href":"http:\/\/www.talento-stem.es\/index.php\/wp-json\/wp\/v2\/types\/page"}],"author":[{"embeddable":true,"href":"http:\/\/www.talento-stem.es\/index.php\/wp-json\/wp\/v2\/users\/1"}],"replies":[{"embeddable":true,"href":"http:\/\/www.talento-stem.es\/index.php\/wp-json\/wp\/v2\/comments?post=875"}],"version-history":[{"count":10,"href":"http:\/\/www.talento-stem.es\/index.php\/wp-json\/wp\/v2\/pages\/875\/revisions"}],"predecessor-version":[{"id":1144,"href":"http:\/\/www.talento-stem.es\/index.php\/wp-json\/wp\/v2\/pages\/875\/revisions\/1144"}],"wp:attachment":[{"href":"http:\/\/www.talento-stem.es\/index.php\/wp-json\/wp\/v2\/media?parent=875"}],"curies":[{"name":"wp","href":"https:\/\/api.w.org\/{rel}","templated":true}]}}