{"id":862,"date":"2024-08-07T07:56:12","date_gmt":"2024-08-07T07:56:12","guid":{"rendered":"https:\/\/www.talento-stem.es\/?page_id=862"},"modified":"2024-09-23T10:35:52","modified_gmt":"2024-09-23T10:35:52","slug":"cybercamp","status":"publish","type":"page","link":"http:\/\/www.talento-stem.es\/index.php\/cybercamp\/","title":{"rendered":"Cybercamp"},"content":{"rendered":"\n<div class=\"wp-block-cover alignfull\"><span aria-hidden=\"true\" class=\"wp-block-cover__background has-primary-background-color has-background-dim-80 has-background-dim\"><\/span><img loading=\"lazy\" decoding=\"async\" width=\"1006\" height=\"493\" class=\"wp-block-cover__image-background wp-image-1120\" alt=\"\" src=\"https:\/\/www.talento-stem.es\/wp-content\/uploads\/2024\/09\/Captura-de-pantalla-2024-09-13-120806-1.png\" data-object-fit=\"cover\" srcset=\"http:\/\/www.talento-stem.es\/wp-content\/uploads\/2024\/09\/Captura-de-pantalla-2024-09-13-120806-1.png 1006w, http:\/\/www.talento-stem.es\/wp-content\/uploads\/2024\/09\/Captura-de-pantalla-2024-09-13-120806-1-300x147.png 300w, http:\/\/www.talento-stem.es\/wp-content\/uploads\/2024\/09\/Captura-de-pantalla-2024-09-13-120806-1-768x376.png 768w\" sizes=\"auto, (max-width: 1006px) 100vw, 1006px\" \/><div class=\"wp-block-cover__inner-container is-layout-constrained wp-block-cover-is-layout-constrained\">\n<p class=\"has-text-align-center has-large-font-size\"><\/p>\n\n\n\n<h5 class=\"wp-block-heading has-text-align-center\">Cybercamp<\/h5>\n<\/div><\/div>\n\n\n\n<div style=\"height:11px\" aria-hidden=\"true\" class=\"wp-block-spacer\"><\/div>\n\n\n\n<h5 class=\"wp-block-heading alignwide has-text-align-center has-small-font-size\">Cybercamp surge con el objetivo de concienciar a las menores sobre los riesgos del uso de internet y las redes sociales, ense\u00f1arles la importancia de proteger su informaci\u00f3n personal, contrase\u00f1as, direcciones, n\u00fameros de tel\u00e9fono y capacitarlas para detectar estafas y fraudes en internet.<\/h5>\n\n\n\n<h5 class=\"wp-block-heading alignwide has-text-align-center has-secondary-color has-text-color has-link-color has-small-font-size wp-elements-429551a6a5741766eaebf97c139cf7c3\">. <\/h5>\n\n\n\n<div class=\"wp-block-media-text alignfull is-stacked-on-mobile has-primary-background-color has-background\" style=\"grid-template-columns:45% auto\"><figure class=\"wp-block-media-text__media\"><img loading=\"lazy\" decoding=\"async\" width=\"1024\" height=\"576\" src=\"https:\/\/www.talento-stem.es\/wp-content\/uploads\/2024\/09\/Imagen-destacada-CC-2-1024x576.jpg\" alt=\"\" class=\"wp-image-1111 size-full\" srcset=\"http:\/\/www.talento-stem.es\/wp-content\/uploads\/2024\/09\/Imagen-destacada-CC-2-1024x576.jpg 1024w, http:\/\/www.talento-stem.es\/wp-content\/uploads\/2024\/09\/Imagen-destacada-CC-2-300x169.jpg 300w, http:\/\/www.talento-stem.es\/wp-content\/uploads\/2024\/09\/Imagen-destacada-CC-2-768x432.jpg 768w, http:\/\/www.talento-stem.es\/wp-content\/uploads\/2024\/09\/Imagen-destacada-CC-2-1536x864.jpg 1536w, http:\/\/www.talento-stem.es\/wp-content\/uploads\/2024\/09\/Imagen-destacada-CC-2-1200x675.jpg 1200w, http:\/\/www.talento-stem.es\/wp-content\/uploads\/2024\/09\/Imagen-destacada-CC-2.jpg 1920w\" sizes=\"auto, (max-width: 1024px) 100vw, 1024px\" \/><\/figure><div class=\"wp-block-media-text__content\">\n<p class=\"has-small-font-size\"><\/p>\n\n\n\n<p class=\"has-text-align-center has-small-font-size\">Nuestros talleres est\u00e1n pensados para&nbsp;abordar y preservar el concepto de privacidad, intimidad y la importancia de garantizar la seguridad en la red. Se analizar\u00e1n algunas de las amenazas m\u00e1s habituales de los usuarios de tecnolog\u00edas para que puedan detectar riesgos y saber c\u00f3mo actuar<\/p>\n<\/div><\/div>\n\n\n\n<div style=\"height:43px\" aria-hidden=\"true\" class=\"wp-block-spacer\"><\/div>\n\n\n\n<div class=\"wp-block-columns alignwide is-layout-flex wp-container-core-columns-is-layout-9d6595d7 wp-block-columns-is-layout-flex\">\n<div class=\"wp-block-column is-layout-flow wp-block-column-is-layout-flow\" style=\"flex-basis:100%\">\n<p class=\"has-text-align-center has-secondary-color has-text-color has-link-color has-small-font-size wp-elements-8e848c549a79d2383d39c6c7b5ea1bf2\">Nuestro \u00faltimo taller, impartido por&nbsp;<a href=\"https:\/\/www.linkedin.com\/in\/manuelmorenoaliaga\/\">Manuel Moreno CEO en Legitec Ciberseguridad, SL<\/a>., tuvo como objetivo preparar a los menores para detectar estafas y fraudes en internet. La jornada fue un \u00e9xito rotundo entre los asistentes, que disfrutaron de&nbsp;<strong>actividades pr\u00e1cticas y educativas<\/strong>. Entre las actividades destacaron&nbsp;<strong>los juegos de creaci\u00f3n de contrase\u00f1as seguras<\/strong>&nbsp;y el&nbsp;<strong>aprendizaje de t\u00e9cnicas para escribir mensajes cifrados<\/strong>.<\/p>\n<\/div>\n<\/div>\n\n\n\n<figure class=\"wp-block-gallery has-nested-images columns-2 is-cropped wp-block-gallery-1 is-layout-flex wp-block-gallery-is-layout-flex\">\n<figure class=\"wp-block-image size-large\"><img loading=\"lazy\" decoding=\"async\" width=\"800\" height=\"600\" data-id=\"1113\" src=\"https:\/\/www.talento-stem.es\/wp-content\/uploads\/2024\/09\/99da63c8-81bc-4245-802f-975d909a8163-800x600-1.jpg\" alt=\"\" class=\"wp-image-1113\" srcset=\"http:\/\/www.talento-stem.es\/wp-content\/uploads\/2024\/09\/99da63c8-81bc-4245-802f-975d909a8163-800x600-1.jpg 800w, http:\/\/www.talento-stem.es\/wp-content\/uploads\/2024\/09\/99da63c8-81bc-4245-802f-975d909a8163-800x600-1-300x225.jpg 300w, http:\/\/www.talento-stem.es\/wp-content\/uploads\/2024\/09\/99da63c8-81bc-4245-802f-975d909a8163-800x600-1-768x576.jpg 768w\" sizes=\"auto, (max-width: 800px) 100vw, 800px\" \/><\/figure>\n\n\n\n<figure class=\"wp-block-image size-large\"><img loading=\"lazy\" decoding=\"async\" width=\"800\" height=\"600\" data-id=\"1114\" src=\"https:\/\/www.talento-stem.es\/wp-content\/uploads\/2024\/09\/cfa32b18-4b7b-4ee9-893d-b67d412d2a06-800x600-1.jpg\" alt=\"\" class=\"wp-image-1114\" srcset=\"http:\/\/www.talento-stem.es\/wp-content\/uploads\/2024\/09\/cfa32b18-4b7b-4ee9-893d-b67d412d2a06-800x600-1.jpg 800w, http:\/\/www.talento-stem.es\/wp-content\/uploads\/2024\/09\/cfa32b18-4b7b-4ee9-893d-b67d412d2a06-800x600-1-300x225.jpg 300w, http:\/\/www.talento-stem.es\/wp-content\/uploads\/2024\/09\/cfa32b18-4b7b-4ee9-893d-b67d412d2a06-800x600-1-768x576.jpg 768w\" sizes=\"auto, (max-width: 800px) 100vw, 800px\" \/><\/figure>\n\n\n\n<figure class=\"wp-block-image size-full\"><img loading=\"lazy\" decoding=\"async\" width=\"480\" height=\"240\" data-id=\"1118\" src=\"https:\/\/www.talento-stem.es\/wp-content\/uploads\/2024\/09\/cybercamp-1.png\" alt=\"\" class=\"wp-image-1118\" srcset=\"http:\/\/www.talento-stem.es\/wp-content\/uploads\/2024\/09\/cybercamp-1.png 480w, http:\/\/www.talento-stem.es\/wp-content\/uploads\/2024\/09\/cybercamp-1-300x150.png 300w\" sizes=\"auto, (max-width: 480px) 100vw, 480px\" \/><\/figure>\n<\/figure>\n\n\n\n<div class=\"wp-block-columns alignwide is-layout-flex wp-container-core-columns-is-layout-9d6595d7 wp-block-columns-is-layout-flex\">\n<div class=\"wp-block-column is-layout-flow wp-block-column-is-layout-flow\" style=\"flex-basis:100%\">\n<p class=\"has-text-align-center has-secondary-color has-text-color has-link-color has-small-font-size wp-elements-b8d7bde102f4ced6e1c25648778a592b\">Adem\u00e1s de ser una experiencia educativa, el taller ofreci\u00f3 una oportunidad \u00fanica para que ni\u00f1os, ni\u00f1as, padres y madres compartieran una actividad conjunta en familia, aprendiendo de manera l\u00fadica sobre la&nbsp;<strong>ciberseguridad<\/strong>. Este tipo de iniciativas son fundamentales para fomentar un uso responsable y seguro de la tecnolog\u00eda desde edades tempranas, empoderando a los menores con conocimientos esenciales para su vida digital.<\/p>\n<\/div>\n<\/div>\n\n\n\n<figure class=\"wp-block-gallery has-nested-images columns-default is-cropped wp-block-gallery-2 is-layout-flex wp-block-gallery-is-layout-flex\">\n<figure class=\"wp-block-image size-large\"><img loading=\"lazy\" decoding=\"async\" width=\"200\" height=\"200\" data-id=\"1107\" src=\"https:\/\/www.talento-stem.es\/wp-content\/uploads\/2024\/09\/cropped-head_cybercam_umu-200x200-1.png\" alt=\"\" class=\"wp-image-1107\" srcset=\"http:\/\/www.talento-stem.es\/wp-content\/uploads\/2024\/09\/cropped-head_cybercam_umu-200x200-1.png 200w, http:\/\/www.talento-stem.es\/wp-content\/uploads\/2024\/09\/cropped-head_cybercam_umu-200x200-1-150x150.png 150w\" sizes=\"auto, (max-width: 200px) 100vw, 200px\" \/><\/figure>\n\n\n\n<figure class=\"wp-block-image size-large\"><img loading=\"lazy\" decoding=\"async\" width=\"1024\" height=\"1024\" data-id=\"615\" src=\"http:\/\/www.talento-stem.es\/wp-content\/uploads\/2024\/08\/montserrat_Mesa-de-trabajo-1-1024x1024.png\" alt=\"\" class=\"wp-image-615\" srcset=\"http:\/\/www.talento-stem.es\/wp-content\/uploads\/2024\/08\/montserrat_Mesa-de-trabajo-1-1024x1024.png 1024w, http:\/\/www.talento-stem.es\/wp-content\/uploads\/2024\/08\/montserrat_Mesa-de-trabajo-1-300x300.png 300w, http:\/\/www.talento-stem.es\/wp-content\/uploads\/2024\/08\/montserrat_Mesa-de-trabajo-1-150x150.png 150w, http:\/\/www.talento-stem.es\/wp-content\/uploads\/2024\/08\/montserrat_Mesa-de-trabajo-1-768x768.png 768w, http:\/\/www.talento-stem.es\/wp-content\/uploads\/2024\/08\/montserrat_Mesa-de-trabajo-1-1536x1536.png 1536w, http:\/\/www.talento-stem.es\/wp-content\/uploads\/2024\/08\/montserrat_Mesa-de-trabajo-1-2048x2048.png 2048w, http:\/\/www.talento-stem.es\/wp-content\/uploads\/2024\/08\/montserrat_Mesa-de-trabajo-1-600x600.png 600w, http:\/\/www.talento-stem.es\/wp-content\/uploads\/2024\/08\/montserrat_Mesa-de-trabajo-1-1200x1200.png 1200w, http:\/\/www.talento-stem.es\/wp-content\/uploads\/2024\/08\/montserrat_Mesa-de-trabajo-1-1980x1980.png 1980w\" sizes=\"auto, (max-width: 1024px) 100vw, 1024px\" \/><\/figure>\n<\/figure>\n\n\n\n<div class=\"wp-block-columns alignwide are-vertically-aligned-center is-layout-flex wp-container-core-columns-is-layout-9d6595d7 wp-block-columns-is-layout-flex\">\n<div class=\"wp-block-column is-vertically-aligned-center is-layout-flow wp-block-column-is-layout-flow\" style=\"flex-basis:100%\">\n<p class=\"has-text-align-center has-secondary-color has-text-color has-link-color has-small-font-size wp-elements-199ec794ea528ba68b170907925061f2\">La colaboraci\u00f3n entre&nbsp;<strong>Cybercamp UMU<\/strong>&nbsp;y&nbsp;<strong>Talento STEM<\/strong>&nbsp;demuestra el compromiso de ambas organizaciones con la educaci\u00f3n en ciberseguridad, proporcionando herramientas y conocimientos que contribuyen a un entorno digital m\u00e1s seguro para todos.<\/p>\n<\/div>\n<\/div>\n\n\n\n<div style=\"height:100px\" aria-hidden=\"true\" class=\"wp-block-spacer\"><\/div>\n\n\n<div class=\"wp-block-image\">\n<figure class=\"aligncenter size-full is-resized\"><img loading=\"lazy\" decoding=\"async\" width=\"338\" height=\"105\" src=\"http:\/\/www.talento-stem.es\/wp-content\/uploads\/2024\/08\/cropped-Recurso-1.png\" alt=\"\" class=\"wp-image-620\" style=\"width:189px\" srcset=\"http:\/\/www.talento-stem.es\/wp-content\/uploads\/2024\/08\/cropped-Recurso-1.png 338w, http:\/\/www.talento-stem.es\/wp-content\/uploads\/2024\/08\/cropped-Recurso-1-300x93.png 300w\" sizes=\"auto, (max-width: 338px) 100vw, 338px\" \/><\/figure>\n<\/div>\n\n\n<p><\/p>\n","protected":false},"excerpt":{"rendered":"<p>Cybercamp surge con el objetivo de concienciar a las menores sobre los riesgos del uso de internet y las redes sociales, ense\u00f1arles la importancia de proteger su informaci\u00f3n personal, contrase\u00f1as, [&hellip;]<\/p>\n","protected":false},"author":1,"featured_media":0,"parent":0,"menu_order":0,"comment_status":"closed","ping_status":"closed","template":"","meta":{"footnotes":""},"class_list":["post-862","page","type-page","status-publish","hentry"],"featured_image_src":null,"featured_image_src_square":null,"_links":{"self":[{"href":"http:\/\/www.talento-stem.es\/index.php\/wp-json\/wp\/v2\/pages\/862","targetHints":{"allow":["GET"]}}],"collection":[{"href":"http:\/\/www.talento-stem.es\/index.php\/wp-json\/wp\/v2\/pages"}],"about":[{"href":"http:\/\/www.talento-stem.es\/index.php\/wp-json\/wp\/v2\/types\/page"}],"author":[{"embeddable":true,"href":"http:\/\/www.talento-stem.es\/index.php\/wp-json\/wp\/v2\/users\/1"}],"replies":[{"embeddable":true,"href":"http:\/\/www.talento-stem.es\/index.php\/wp-json\/wp\/v2\/comments?post=862"}],"version-history":[{"count":7,"href":"http:\/\/www.talento-stem.es\/index.php\/wp-json\/wp\/v2\/pages\/862\/revisions"}],"predecessor-version":[{"id":1151,"href":"http:\/\/www.talento-stem.es\/index.php\/wp-json\/wp\/v2\/pages\/862\/revisions\/1151"}],"wp:attachment":[{"href":"http:\/\/www.talento-stem.es\/index.php\/wp-json\/wp\/v2\/media?parent=862"}],"curies":[{"name":"wp","href":"https:\/\/api.w.org\/{rel}","templated":true}]}}

<div class="wp-block-cover alignfull"><span aria-hidden="true" class="wp-block-cover__background has-primary-background-color has-background-dim-80 has-background-dim"></span><img loading="lazy" decoding="async" width="1006" height="493" class="wp-block-cover__image-background wp-image-1120" alt="" src="https://www.talento-stem.es/wp-content/uploads/2024/09/Captura-de-pantalla-2024-09-13-120806-1.png" data-object-fit="cover" srcset="http://www.talento-stem.es/wp-content/uploads/2024/09/Captura-de-pantalla-2024-09-13-120806-1.png 1006w, http://www.talento-stem.es/wp-content/uploads/2024/09/Captura-de-pantalla-2024-09-13-120806-1-300x147.png 300w, http://www.talento-stem.es/wp-content/uploads/2024/09/Captura-de-pantalla-2024-09-13-120806-1-768x376.png 768w" sizes="auto, (max-width: 1006px) 100vw, 1006px" /><div class="wp-block-cover__inner-container is-layout-constrained wp-block-cover-is-layout-constrained">
<p class="has-text-align-center has-large-font-size"></p>



<h5 class="wp-block-heading has-text-align-center">Cybercamp</h5>
</div></div>



<div style="height:11px" aria-hidden="true" class="wp-block-spacer"></div>



<h5 class="wp-block-heading alignwide has-text-align-center has-small-font-size">Cybercamp surge con el objetivo de concienciar a las menores sobre los riesgos del uso de internet y las redes sociales, enseñarles la importancia de proteger su información personal, contraseñas, direcciones, números de teléfono y capacitarlas para detectar estafas y fraudes en internet.</h5>



<h5 class="wp-block-heading alignwide has-text-align-center has-secondary-color has-text-color has-link-color has-small-font-size wp-elements-429551a6a5741766eaebf97c139cf7c3">. </h5>



<div class="wp-block-media-text alignfull is-stacked-on-mobile has-primary-background-color has-background" style="grid-template-columns:45% auto"><figure class="wp-block-media-text__media"><img loading="lazy" decoding="async" width="1024" height="576" src="https://www.talento-stem.es/wp-content/uploads/2024/09/Imagen-destacada-CC-2-1024x576.jpg" alt="" class="wp-image-1111 size-full" srcset="http://www.talento-stem.es/wp-content/uploads/2024/09/Imagen-destacada-CC-2-1024x576.jpg 1024w, http://www.talento-stem.es/wp-content/uploads/2024/09/Imagen-destacada-CC-2-300x169.jpg 300w, http://www.talento-stem.es/wp-content/uploads/2024/09/Imagen-destacada-CC-2-768x432.jpg 768w, http://www.talento-stem.es/wp-content/uploads/2024/09/Imagen-destacada-CC-2-1536x864.jpg 1536w, http://www.talento-stem.es/wp-content/uploads/2024/09/Imagen-destacada-CC-2-1200x675.jpg 1200w, http://www.talento-stem.es/wp-content/uploads/2024/09/Imagen-destacada-CC-2.jpg 1920w" sizes="auto, (max-width: 1024px) 100vw, 1024px" /></figure><div class="wp-block-media-text__content">
<p class="has-small-font-size"></p>



<p class="has-text-align-center has-small-font-size">Nuestros talleres están pensados para&nbsp;abordar y preservar el concepto de privacidad, intimidad y la importancia de garantizar la seguridad en la red. Se analizarán algunas de las amenazas más habituales de los usuarios de tecnologías para que puedan detectar riesgos y saber cómo actuar</p>
</div></div>



<div style="height:43px" aria-hidden="true" class="wp-block-spacer"></div>



<div class="wp-block-columns alignwide is-layout-flex wp-container-core-columns-is-layout-9d6595d7 wp-block-columns-is-layout-flex">
<div class="wp-block-column is-layout-flow wp-block-column-is-layout-flow" style="flex-basis:100%">
<p class="has-text-align-center has-secondary-color has-text-color has-link-color has-small-font-size wp-elements-8e848c549a79d2383d39c6c7b5ea1bf2">Nuestro último taller, impartido por&nbsp;<a href="https://www.linkedin.com/in/manuelmorenoaliaga/">Manuel Moreno CEO en Legitec Ciberseguridad, SL</a>., tuvo como objetivo preparar a los menores para detectar estafas y fraudes en internet. La jornada fue un éxito rotundo entre los asistentes, que disfrutaron de&nbsp;<strong>actividades prácticas y educativas</strong>. Entre las actividades destacaron&nbsp;<strong>los juegos de creación de contraseñas seguras</strong>&nbsp;y el&nbsp;<strong>aprendizaje de técnicas para escribir mensajes cifrados</strong>.</p>
</div>
</div>



<figure class="wp-block-gallery has-nested-images columns-2 is-cropped wp-block-gallery-1 is-layout-flex wp-block-gallery-is-layout-flex">
<figure class="wp-block-image size-large"><img loading="lazy" decoding="async" width="800" height="600" data-id="1113" src="https://www.talento-stem.es/wp-content/uploads/2024/09/99da63c8-81bc-4245-802f-975d909a8163-800x600-1.jpg" alt="" class="wp-image-1113" srcset="http://www.talento-stem.es/wp-content/uploads/2024/09/99da63c8-81bc-4245-802f-975d909a8163-800x600-1.jpg 800w, http://www.talento-stem.es/wp-content/uploads/2024/09/99da63c8-81bc-4245-802f-975d909a8163-800x600-1-300x225.jpg 300w, http://www.talento-stem.es/wp-content/uploads/2024/09/99da63c8-81bc-4245-802f-975d909a8163-800x600-1-768x576.jpg 768w" sizes="auto, (max-width: 800px) 100vw, 800px" /></figure>



<figure class="wp-block-image size-large"><img loading="lazy" decoding="async" width="800" height="600" data-id="1114" src="https://www.talento-stem.es/wp-content/uploads/2024/09/cfa32b18-4b7b-4ee9-893d-b67d412d2a06-800x600-1.jpg" alt="" class="wp-image-1114" srcset="http://www.talento-stem.es/wp-content/uploads/2024/09/cfa32b18-4b7b-4ee9-893d-b67d412d2a06-800x600-1.jpg 800w, http://www.talento-stem.es/wp-content/uploads/2024/09/cfa32b18-4b7b-4ee9-893d-b67d412d2a06-800x600-1-300x225.jpg 300w, http://www.talento-stem.es/wp-content/uploads/2024/09/cfa32b18-4b7b-4ee9-893d-b67d412d2a06-800x600-1-768x576.jpg 768w" sizes="auto, (max-width: 800px) 100vw, 800px" /></figure>



<figure class="wp-block-image size-full"><img loading="lazy" decoding="async" width="480" height="240" data-id="1118" src="https://www.talento-stem.es/wp-content/uploads/2024/09/cybercamp-1.png" alt="" class="wp-image-1118" srcset="http://www.talento-stem.es/wp-content/uploads/2024/09/cybercamp-1.png 480w, http://www.talento-stem.es/wp-content/uploads/2024/09/cybercamp-1-300x150.png 300w" sizes="auto, (max-width: 480px) 100vw, 480px" /></figure>
</figure>



<div class="wp-block-columns alignwide is-layout-flex wp-container-core-columns-is-layout-9d6595d7 wp-block-columns-is-layout-flex">
<div class="wp-block-column is-layout-flow wp-block-column-is-layout-flow" style="flex-basis:100%">
<p class="has-text-align-center has-secondary-color has-text-color has-link-color has-small-font-size wp-elements-b8d7bde102f4ced6e1c25648778a592b">Además de ser una experiencia educativa, el taller ofreció una oportunidad única para que niños, niñas, padres y madres compartieran una actividad conjunta en familia, aprendiendo de manera lúdica sobre la&nbsp;<strong>ciberseguridad</strong>. Este tipo de iniciativas son fundamentales para fomentar un uso responsable y seguro de la tecnología desde edades tempranas, empoderando a los menores con conocimientos esenciales para su vida digital.</p>
</div>
</div>



<figure class="wp-block-gallery has-nested-images columns-default is-cropped wp-block-gallery-2 is-layout-flex wp-block-gallery-is-layout-flex">
<figure class="wp-block-image size-large"><img loading="lazy" decoding="async" width="200" height="200" data-id="1107" src="https://www.talento-stem.es/wp-content/uploads/2024/09/cropped-head_cybercam_umu-200x200-1.png" alt="" class="wp-image-1107" srcset="http://www.talento-stem.es/wp-content/uploads/2024/09/cropped-head_cybercam_umu-200x200-1.png 200w, http://www.talento-stem.es/wp-content/uploads/2024/09/cropped-head_cybercam_umu-200x200-1-150x150.png 150w" sizes="auto, (max-width: 200px) 100vw, 200px" /></figure>



<figure class="wp-block-image size-large"><img loading="lazy" decoding="async" width="1024" height="1024" data-id="615" src="http://www.talento-stem.es/wp-content/uploads/2024/08/montserrat_Mesa-de-trabajo-1-1024x1024.png" alt="" class="wp-image-615" srcset="http://www.talento-stem.es/wp-content/uploads/2024/08/montserrat_Mesa-de-trabajo-1-1024x1024.png 1024w, http://www.talento-stem.es/wp-content/uploads/2024/08/montserrat_Mesa-de-trabajo-1-300x300.png 300w, http://www.talento-stem.es/wp-content/uploads/2024/08/montserrat_Mesa-de-trabajo-1-150x150.png 150w, http://www.talento-stem.es/wp-content/uploads/2024/08/montserrat_Mesa-de-trabajo-1-768x768.png 768w, http://www.talento-stem.es/wp-content/uploads/2024/08/montserrat_Mesa-de-trabajo-1-1536x1536.png 1536w, http://www.talento-stem.es/wp-content/uploads/2024/08/montserrat_Mesa-de-trabajo-1-2048x2048.png 2048w, http://www.talento-stem.es/wp-content/uploads/2024/08/montserrat_Mesa-de-trabajo-1-600x600.png 600w, http://www.talento-stem.es/wp-content/uploads/2024/08/montserrat_Mesa-de-trabajo-1-1200x1200.png 1200w, http://www.talento-stem.es/wp-content/uploads/2024/08/montserrat_Mesa-de-trabajo-1-1980x1980.png 1980w" sizes="auto, (max-width: 1024px) 100vw, 1024px" /></figure>
</figure>



<div class="wp-block-columns alignwide are-vertically-aligned-center is-layout-flex wp-container-core-columns-is-layout-9d6595d7 wp-block-columns-is-layout-flex">
<div class="wp-block-column is-vertically-aligned-center is-layout-flow wp-block-column-is-layout-flow" style="flex-basis:100%">
<p class="has-text-align-center has-secondary-color has-text-color has-link-color has-small-font-size wp-elements-199ec794ea528ba68b170907925061f2">La colaboración entre&nbsp;<strong>Cybercamp UMU</strong>&nbsp;y&nbsp;<strong>Talento STEM</strong>&nbsp;demuestra el compromiso de ambas organizaciones con la educación en ciberseguridad, proporcionando herramientas y conocimientos que contribuyen a un entorno digital más seguro para todos.</p>
</div>
</div>



<div style="height:100px" aria-hidden="true" class="wp-block-spacer"></div>


<div class="wp-block-image">
<figure class="aligncenter size-full is-resized"><img loading="lazy" decoding="async" width="338" height="105" src="http://www.talento-stem.es/wp-content/uploads/2024/08/cropped-Recurso-1.png" alt="" class="wp-image-620" style="width:189px" srcset="http://www.talento-stem.es/wp-content/uploads/2024/08/cropped-Recurso-1.png 338w, http://www.talento-stem.es/wp-content/uploads/2024/08/cropped-Recurso-1-300x93.png 300w" sizes="auto, (max-width: 338px) 100vw, 338px" /></figure>
</div>


<p></p>

<p>Cybercamp surge con el objetivo de concienciar a las menores sobre los riesgos del uso de internet y las redes sociales, enseñarles la importancia de proteger su información personal, contraseñas, [&hellip;]</p>
